 prime?
True
Is 11443 a prime number?
True
Is 258293 a prime number?
False
Is 179317 composite?
False
Is 3427 a prime number?
False
Is 10369 prime?
True
Is 10847 a prime number?
True
Is 1246013 a composite number?
False
Is 655847 prime?
True
Is 2789 a composite number?
False
Is 5182 a composite number?
True
Is 374171 a composite number?
True
Is 9917 composite?
True
Is 25199 a composite number?
True
Is 639437 a prime number?
False
Is 9169 a prime number?
False
Is 551179 a composite number?
False
Is 876287 prime?
True
Is 1314497 composite?
False
Is 35051 a prime number?
True
Is 24467 a prime number?
False
Is 13553 composite?
False
Is 749863 prime?
True
Is 71403 a prime number?
False
Is 281189 a composite number?
False
Is 74317 a prime number?
True
Is 1579934 a composite number?
True
Is 32093 composite?
True
Is 6973 composite?
True
Is 6803 composite?
False
Is 1324361 a prime number?
True
Is 121181 a composite number?
False
Is 7269 prime?
False
Is 37831 composite?
False
Is 175261 prime?
True
Is 34691 a prime number?
False
Is 1889 prime?
True
Is 507029 a prime number?
True
Is 147377 a prime number?
True
Is 86783 a composite number?
False
Is 133291 a prime number?
False
Is 12209 prime?
False
Is 109 a composite number?
False
Is 144659 prime?
True
Is 713 prime?
False
Is 43801 a composite number?
False
Is 2121305 a composite number?
True
Is 1174 a composite number?
True
Is 113621 prime?
True
Is 704147 a composite number?
True
Is 949863 a composite number?
True
Is 1448429 composite?
True
Is 310697 a composite number?
False
Is 1042759 a prime number?
True
Is 439613 a composite number?
False
Is 13885 prime?
False
Is 229486 prime?
False
Is 74797 prime?
True
Is 121309 composite?
False
Is 31607 prime?
True
Is 53731 composite?
False
Is 3655945 a prime number?
False
Is 17327 a prime number?
True
Is 50947 prime?
False
Is 3817 prime?
False
Is 202859 a prime number?
True
Is 6982 composite?
True
Is 747257 a composite number?
True
Is 1041373 composite?
False
Is 5923 composite?
False
Is 719813 composite?
False
Is 8849 a prime number?
True
Is 1718 a prime number?
False
Is 43939 composite?
True
Is 149861 prime?
True
Is 61267 composite?
True
Is 75657 prime?
False
Is 1193413 a composite number?
True
Is 59723 composite?
False
Is 3247 prime?
False
Is 43519 prime?
False
Is 145693 a prime number?
False
Is 25835 a composite number?
True
Is 149791 a composite number?
False
Is 10799 composite?
False
Is 142271 prime?
True
Is 747763 a composite number?
False
Is 2047 a composite number?
True
Is 147011 prime?
True
Is 63681 composite?
True
Is 869653 a prime number?
False
Is 1961 a composite number?
True
Is 3063967 composite?
False
Is 11677 prime?
True
Is 18749 a composite number?
False
Is 571439 a prime number?
False
Is 58757 a prime number?
True
Is 132713 a composite number?
True
Is 181039 a composite number?
False
Is 15227 prime?
True
Is 84913 composite?
False
Is 76997 composite?
True
Is 20663 composite?
False
Is 69899 composite?
False
Is 22289 prime?
False
Is 102761 a prime number?
True
Is 192503 prime?
False
Is 71215 prime?
False
Is 347801 a prime number?
True
Is 3151 prime?
False
Is 9533 a prime number?
True
Is 846839 a prime number?
False
Is 431362 a prime number?
False
Is 1759 a composite number?
False
Is 1385 a composite number?
True
Is 1034069 a composite number?
False
Is 31701 composite?
True
Is 1621 composite?
False
Is 233111 composite?
True
Is 97711 prime?
True
Is 3223 a prime number?
False
Is 2767 composite?
False
Is 2897 a composite number?
False
Is 1251029 prime?
False
Is 1234799 prime?
True
Is 1388623 composite?
False
Is 255313 a prime number?
True
Is 13157 prime?
False
Is 18199 a composite number?
False
Is 812437 prime?
False
Is 472669 a composite number?
False
Is 1213 a composite number?
False
Is 1343957 a composite number?
False
Is 12227 a composite number?
False
Is 315895 composite?
True
Is 128851 composite?
True
Is 76009 a prime number?
False
Is 9299 prime?
False
Is 95963 a composite number?
True
Is 827923 prime?
True
Is 172537 prime?
False
Is 8819 a composite number?
False
Is 218777 a prime number?
False
Is 24281 a prime number?
True
Is 1943 prime?
False
Is 60191 a prime number?
False
Is 141413 a prime number?
True
Is 463063 a prime number?
False
Is 122387 a prime number?
True
Is 206497 a composite number?
True
Is 526027 composite?
False
Is 1905951 a prime number?
False
Is 73522 a composite number?
True
Is 1157 composite?
True
Is 40193 prime?
True
Is 37 composite?
False
Is 61315 composite?
True
Is 190573 a composite number?
False
Is 1401 a composite number?
True
Is 93907 a prime number?
False
Is 27673 a composite number?
False
Is 455681 composite?
False
Is 74959 prime?
True
Is 17211 composite?
True
Is 1271 a prime number?
False
Is 84166 composite?
True
Is 4279 a composite number?
True
Is 80767 a prime number?
False
Is 99313 composite?
True
Is 318347 a prime number?
True
Is 7709 a composite number?
True
Is 93683 prime?
True
Is 633131 composite?
True
Is 4409 a prime number?
True
Is 1182331 a prime number?
True
Is 106081 a prime number?
False
Is 31847 prime?
True
Is 14851 a prime number?
True
Is 23969 a prime number?
False
Is 6173 a prime number?
True
Is 1327 composite?
False
Is 43391 prime?
True
Is 1444165 prime?
False
Is 99461 a prime number?
False
Is 5381 a prime number?
True
Is 145943 prime?
False
Is 17233 prime?
False
Is 8321 a composite number?
True
Is 55753 prime?
False
Is 52433 composite?
False
Is 1534763 composite?
True
Is 22142 composite?
True
Is 180469 prime?
False
Is 35807 a prime number?
False
Is 103289 a composite number?
False
Is 308287 a prime number?
False
Is 10135 composite?
True
Is 9637 a prime number?
False
Is 397093 a composite number?
False
Is 6619 a prime number?
True
Is 258337 a composite number?
False
Is 61331 a prime number?
True
Is 1549751 a composite number?
True
Is 307299 composite?
True
Is 23663 a prime number?
True
Is 688201 a composite number?
False
Is 48439 a prime number?
False
Is 1915349 prime?
False
Is 108791 composite?
False
Is 26511 composite?
True
Is 635 a prime number?
False
Is 1351817 a composite number?
True
Is 245711 a prime number?
True
Is 41687 prime?
True
Is 16781 composite?
True
Is 105911 prime?
False
Is 180949 composite?
False
Is 2719 a prime number?
True
Is 728261 a prime number?
True
Is 837502 a composite number?
True
Is 8819 composite?
False
Is 3615133 a composite number?
False
Is 479 a composite number?
False
Is 153407 a composite number?
False
Is 9221 a composite number?
False
Is 2555119 composite?
True
Is 6041 prime?
False
Is 37463 composite?
False
Is 54083 a composite number?
False
Is 24789 composite?
True
Is 1504769 a prime number?
False
Is 86161 a prime number?
True
Is 59611 a composite number?
False
Is 853 composite?
False
Is 154487 prime?
True
Is 2355865 prime?
False
Is 38827 a prime number?
False
Is 132817 composite?
False
Is 6805 prime?
False
Is 459643 a prime number?
False
Is 5971 a prime number?
False
Is 18041 prime?
True
Is 927491 a composite number?
False
Is 99931 a composite number?
True
Is 11243 a composite number?
False
Is 49499 a composite number?
False
Is 15227 a prime number?
True
Is 7097 a composite number?
True
Is 101139 composite?
True
Is 1651 a composite number?
True
Is 673193 a prime number?
True
Is 32887 a prime number?
True
Is 455311 composite?
True
Is 11341 prime?
False
Is 32105 a composite number?
True
Is 1699729 prime?
False
Is 201781 a composite number?
False
Is 87911 a prime number?
True
Is 5051 composite?
False
Is 1028063 a composite number?
False
Is 20777 composite?
True
Is 805789 a composite number?
False
Is 146563 a prime number?
True
Is 10799 composite?
False
Is 7283 composite?
False
Is 37477 prime?
False
Is 7069 a composite number?
False
Is 30467 a prime number?
True
Is 322213 a prime number?
True
Is 75307 prime?
True
Is 28687 a composite number?
False
Is 303673 a composite number?
True
Is 3863 a prime number?
True
Is 142621 a composite number?
True
Is 546827 a composite number?
True
Is 31013 a prime number?
True
Is 246079 a prime number?
False
Is 6443 a prime number?
False
Is 111937 a prime number?
False
Is 2843 composite?
False
Is 121413 prime?
False
Is 17583 a prime number?
False
Is 2927 a composite number?
False
Is 328819 a prime number?
False
Is 374761 composite?
Fa